{"id":47,"date":"2021-04-29T17:28:36","date_gmt":"2021-04-29T17:28:36","guid":{"rendered":"https:\/\/www.jidelnaustrejcu.online\/?page_id=47"},"modified":"2026-01-13T20:53:24","modified_gmt":"2026-01-13T19:53:24","slug":"volna-pracovni-mista","status":"publish","type":"page","link":"https:\/\/www.jidelnaustrejcu.cz\/index.php\/volna-pracovni-mista\/","title":{"rendered":"VOLN\u00c1 PRACOVN\u00cd M\u00cdSTA"},"content":{"rendered":"\n<p>Hled\u00e1me sle\u010dnu\/pan\u00ed na v\u00fdrobu chleb\u00ed\u010dk\u016f !<\/p>\n\n\n\n<p>P\u0159ijmeme do studen\u00e9 kuchyn\u011b sle\u010dnu\/pan\u00ed na v\u00fdrobu a zdoben\u00ed na\u0161ich chleb\u00ed\u010dk\u016f na HPP.<\/p>\n\n\n\n<h3 class=\"wp-block-heading\">Po\u017eadujeme:<\/h3>\n\n\n\n<ul class=\"wp-block-list\">\n<li>&#8211; Zru\u010dnost, pe\u010dlivost<\/li>\n\n\n\n<li>&#8211; Zodpov\u011bdnost, spolehlivost, samostatnost<\/li>\n<\/ul>\n\n\n\n<h3 class=\"wp-block-heading\">Nab\u00edz\u00edme:<\/h3>\n\n\n\n<ul class=\"wp-block-list\">\n<li>&#8211; Sm\u011bna pouze rann\u00ed 5:30 &#8211; 14h, sobota 2x za m\u011bs\u00edc, ned\u011ble voln\u00e9<\/li>\n\n\n\n<li>&#8211; Denn\u00ed p\u0159\u00edplatek 100,- ke mzd\u011b a osobn\u00ed odm\u011bny<\/li>\n\n\n\n<li>&#8211; P\u0159\u00edjemn\u00e9 pracovn\u00ed prost\u0159ed\u00ed a fajn kolektiv<\/li>\n\n\n\n<li>&#8211; Firemn\u00ed benefity (sleva na ob\u011bd 50%, mo\u017enost 2 ob\u011bd\u016f dom\u016f za 50%, firemn\u00ed n\u00e1kupy s 15% slevou i ve vedlej\u0161\u00ed Beru\u0161ce)<\/li>\n<\/ul>\n\n\n\n<div style=\"height:40px\" aria-hidden=\"true\" class=\"wp-block-spacer\"><\/div>\n\n\n\n<p>Za\u0161lete n\u00e1m \u017eivotopis na email i v p\u0159\u00edpad\u011b, \u017ee n\u011bkoho takov\u00e9ho zn\u00e1te ve sv\u00e9m okol\u00ed:<\/p>\n\n\n\n<div style=\"height:40px\" aria-hidden=\"true\" class=\"wp-block-spacer\"><\/div>\n\n\n\n<p>\ud83d\udcde: 733 121 152<br>\ud83d\udce7: info@cafeberuska.cz<\/p>\n\n\n\n<p>T\u011b\u0161\u00edme se na v\u00e1s!<\/p>\n","protected":false},"excerpt":{"rendered":"<p>Hled\u00e1me sle\u010dnu\/pan\u00ed na v\u00fdrobu chleb\u00ed\u010dk\u016f ! P\u0159ijmeme do studen\u00e9 kuchyn\u011b sle\u010dnu\/pan\u00ed na v\u00fdrobu a zdoben\u00ed na\u0161ich chleb\u00ed\u010dk\u016f na HPP. Po\u017eadujeme: Nab\u00edz\u00edme: Za\u0161lete n\u00e1m \u017eivotopis na email i v p\u0159\u00edpad\u011b, \u017ee n\u011bkoho takov\u00e9ho zn\u00e1te ve sv\u00e9m okol\u00ed: \ud83d\udcde: 733 121 152\ud83d\udce7: info@cafeberuska.cz T\u011b\u0161\u00edme se na v\u00e1s!<\/p>\n","protected":false},"author":1,"featured_media":0,"parent":0,"menu_order":0,"comment_status":"closed","ping_status":"closed","template":"","meta":{"_monsterinsights_skip_tracking":false,"_monsterinsights_sitenote_active":false,"_monsterinsights_sitenote_note":"","_monsterinsights_sitenote_category":0,"footnotes":""},"class_list":["post-47","page","type-page","status-publish","hentry"],"aioseo_notices":[],"_links":{"self":[{"href":"https:\/\/www.jidelnaustrejcu.cz\/index.php\/wp-json\/wp\/v2\/pages\/47","targetHints":{"allow":["GET"]}}],"collection":[{"href":"https:\/\/www.jidelnaustrejcu.cz\/index.php\/wp-json\/wp\/v2\/pages"}],"about":[{"href":"https:\/\/www.jidelnaustrejcu.cz\/index.php\/wp-json\/wp\/v2\/types\/page"}],"author":[{"embeddable":true,"href":"https:\/\/www.jidelnaustrejcu.cz\/index.php\/wp-json\/wp\/v2\/users\/1"}],"replies":[{"embeddable":true,"href":"https:\/\/www.jidelnaustrejcu.cz\/index.php\/wp-json\/wp\/v2\/comments?post=47"}],"version-history":[{"count":50,"href":"https:\/\/www.jidelnaustrejcu.cz\/index.php\/wp-json\/wp\/v2\/pages\/47\/revisions"}],"predecessor-version":[{"id":3520,"href":"https:\/\/www.jidelnaustrejcu.cz\/index.php\/wp-json\/wp\/v2\/pages\/47\/revisions\/3520"}],"wp:attachment":[{"href":"https:\/\/www.jidelnaustrejcu.cz\/index.php\/wp-json\/wp\/v2\/media?parent=47"}],"curies":[{"name":"wp","href":"https:\/\/api.w.org\/{rel}","templated":true}]}}

VOLNÁ PRACOVNÍ MÍSTA

<p>Hledáme slečnu/paní na výrobu chlebíčků !</p>



<p>Přijmeme do studené kuchyně slečnu/paní na výrobu a zdobení našich chlebíčků na HPP.</p>



<h3 class="wp-block-heading">Požadujeme:</h3>



<ul class="wp-block-list">
<li>&#8211; Zručnost, pečlivost</li>



<li>&#8211; Zodpovědnost, spolehlivost, samostatnost</li>
</ul>



<h3 class="wp-block-heading">Nabízíme:</h3>



<ul class="wp-block-list">
<li>&#8211; Směna pouze ranní 5:30 &#8211; 14h, sobota 2x za měsíc, neděle volné</li>



<li>&#8211; Denní příplatek 100,- ke mzdě a osobní odměny</li>



<li>&#8211; Příjemné pracovní prostředí a fajn kolektiv</li>



<li>&#8211; Firemní benefity (sleva na oběd 50%, možnost 2 obědů domů za 50%, firemní nákupy s 15% slevou i ve vedlejší Berušce)</li>
</ul>



<div style="height:40px" aria-hidden="true" class="wp-block-spacer"></div>



<p>Zašlete nám životopis na email i v případě, že někoho takového znáte ve svém okolí:</p>



<div style="height:40px" aria-hidden="true" class="wp-block-spacer"></div>



<p>📞: 733 121 152<br>📧: info@cafeberuska.cz</p>



<p>Těšíme se na vás!</p>

<p>Hledáme slečnu/paní na výrobu chlebíčků ! Přijmeme do studené kuchyně slečnu/paní na výrobu a zdobení našich chlebíčků na HPP. Požadujeme: Nabízíme: Zašlete nám životopis na email i v případě, že někoho takového znáte ve svém okolí: 📞: 733 121 152📧: info@cafeberuska.cz Těšíme se na vás!</p>
